{"id":1692,"date":"2023-08-24T12:29:41","date_gmt":"2023-08-24T10:29:41","guid":{"rendered":"https:\/\/comunitatregants.org\/web\/?page_id=1692"},"modified":"2024-07-24T13:50:37","modified_gmt":"2024-07-24T11:50:37","slug":"directiva","status":"publish","type":"page","link":"https:\/\/comunitatregants.org\/web\/zones\/aldover\/directiva\/","title":{"rendered":"Junta Directiva"},"content":{"rendered":"\t\t<div data-elementor-type=\"wp-page\" data-elementor-id=\"1692\" class=\"elementor elementor-1692\">\n\t\t\t\t\t\t<section class=\"elementor-section elementor-top-section elementor-element elementor-element-c3ef750 elementor-section-full_width elementor-section-height-min-height elementor-section-height-default elementor-section-items-middle\" data-id=\"c3ef750\" data-element_type=\"section\" data-settings=\"{&quot;background_background&quot;:&quot;classic&quot;}\">\n\t\t\t\t\t\t<div class=\"elementor-container elementor-column-gap-default\">\n\t\t\t\t\t<div class=\"elementor-column elementor-col-100 elementor-top-column elementor-element elementor-element-2c41f0b\" data-id=\"2c41f0b\" data-element_type=\"column\">\n\t\t\t<div class=\"elementor-widget-wrap elementor-element-populated\">\n\t\t\t\t\t\t<div class=\"elementor-element elementor-element-b9b39ea elementor-widget elementor-widget-heading\" data-id=\"b9b39ea\" data-element_type=\"widget\" data-widget_type=\"heading.default\">\n\t\t\t\t<div class=\"elementor-widget-container\">\n\t\t\t<h1 class=\"elementor-heading-title elementor-size-default\">JUNTA DIRECTIVA<\/h1>\t\t<\/div>\n\t\t\t\t<\/div>\n\t\t\t\t<div class=\"elementor-element elementor-element-ef298cf elementor-align-center elementor-widget elementor-widget-raven-breadcrumbs\" data-id=\"ef298cf\" data-element_type=\"widget\" data-widget_type=\"raven-breadcrumbs.default\">\n\t\t\t\t<div class=\"elementor-widget-container\">\n\t\t\t<div class=\"raven-breadcrumbs raven-breadcrumbs-default\"><div class=\"breadcrumb\">\t\t\t\t<div class=\"breadcrumb-item active\" aria-current=\"page\"><span>Home<\/span><\/div>\n\n\t\t\t\t<\/div><\/div>\t\t<\/div>\n\t\t\t\t<\/div>\n\t\t\t\t\t<\/div>\n\t\t<\/div>\n\t\t\t\t\t<\/div>\n\t\t<\/section>\n\t\t\t\t<section class=\"elementor-section elementor-top-section elementor-element elementor-element-9f6e479 elementor-section-boxed elementor-section-height-default elementor-section-height-default\" data-id=\"9f6e479\" data-element_type=\"section\">\n\t\t\t\t\t\t<div class=\"elementor-container elementor-column-gap-no\">\n\t\t\t\t\t<div class=\"elementor-column elementor-col-100 elementor-top-column elementor-element elementor-element-dd68e1e\" data-id=\"dd68e1e\" data-element_type=\"column\">\n\t\t\t<div class=\"elementor-widget-wrap elementor-element-populated\">\n\t\t\t\t\t\t<div class=\"elementor-element elementor-element-23058de elementor-widget elementor-widget-heading\" data-id=\"23058de\" data-element_type=\"widget\" data-widget_type=\"heading.default\">\n\t\t\t\t<div class=\"elementor-widget-container\">\n\t\t\t<h2 class=\"elementor-heading-title elementor-size-default\">JUNTA DIRECTIVA<\/h2>\t\t<\/div>\n\t\t\t\t<\/div>\n\t\t\t\t<div class=\"elementor-element elementor-element-08e87e8 elementor-widget elementor-widget-text-editor\" data-id=\"08e87e8\" data-element_type=\"widget\" data-widget_type=\"text-editor.default\">\n\t\t\t\t<div class=\"elementor-widget-container\">\n\t\t\t\t\t\t\t<div><b>Presid\u00e8ncia<\/b><\/div>\n<ul>\n<li>En Jordi Aud\u00ed Vallesp\u00ed<\/li>\n<\/ul>\n<p><b>Vice-President<\/b><\/p>\n<ul>\n<li>En Alfonso Gisbert Pons<\/li><\/ul><div><p><b>Secret\u00e0ri<\/b><\/p>\n<ul><li>En Joaqu\u00edn Gisbert Vallesp\u00ed<\/li><\/ul><\/div><ul>\n<\/ul>\n<p><b>Tresorer<\/b><\/p>\n<ul>\n<li>En Antonio Pla Mauri<\/li>\n<\/ul><p><b>Vocal<\/b><\/p>\n<ul>\n<li>En Jos\u00e9 Bonavila Huguet<\/li><\/ul><div><p><b>Vocal suplent<br><\/b><\/p>\n<ul><li>En Joan Cid Alifonso<br><\/li><\/ul><\/div>\t\t\t\t\t\t<\/div>\n\t\t\t\t<\/div>\n\t\t\t\t<div class=\"elementor-element elementor-element-66242af elementor-widget elementor-widget-heading\" data-id=\"66242af\" data-element_type=\"widget\" data-widget_type=\"heading.default\">\n\t\t\t\t<div class=\"elementor-widget-container\">\n\t\t\t<h2 class=\"elementor-heading-title elementor-size-default\">JURAT DE REGS<\/h2>\t\t<\/div>\n\t\t\t\t<\/div>\n\t\t\t\t<div class=\"elementor-element elementor-element-4ec71e7 elementor-widget elementor-widget-text-editor\" data-id=\"4ec71e7\" data-element_type=\"widget\" data-widget_type=\"text-editor.default\">\n\t\t\t\t<div class=\"elementor-widget-container\">\n\t\t\t\t\t\t\t<div><b>Presid\u00e8ncia<\/b><\/div><ul><li>En Joaquin Pons Martorell<\/li><\/ul>\t\t\t\t\t\t<\/div>\n\t\t\t\t<\/div>\n\t\t\t\t\t<\/div>\n\t\t<\/div>\n\t\t\t\t\t<\/div>\n\t\t<\/section>\n\t\t\t\t<\/div>\n\t\t","protected":false},"excerpt":{"rendered":"<p>JUNTA DIRECTIVA Home JUNTA DIRECTIVA Presid\u00e8ncia En Jordi Aud\u00ed Vallesp\u00ed Vice-President En Alfonso Gisbert Pons Secret\u00e0ri En Joaqu\u00edn Gisbert Vallesp\u00ed Tresorer En Antonio Pla Mauri Vocal En Jos\u00e9 Bonavila Huguet Vocal suplent En Joan Cid Alifonso JURAT DE REGS Presid\u00e8ncia En Joaquin Pons Martorell<\/p>\n","protected":false},"author":1,"featured_media":0,"parent":2218,"menu_order":0,"comment_status":"closed","ping_status":"closed","template":"full-width.php","meta":{"_acf_changed":false,"footnotes":""},"class_list":["post-1692","page","type-page","status-publish","hentry"],"acf":[],"_links":{"self":[{"href":"https:\/\/comunitatregants.org\/web\/wp-json\/wp\/v2\/pages\/1692","targetHints":{"allow":["GET"]}}],"collection":[{"href":"https:\/\/comunitatregants.org\/web\/wp-json\/wp\/v2\/pages"}],"about":[{"href":"https:\/\/comunitatregants.org\/web\/wp-json\/wp\/v2\/types\/page"}],"author":[{"embeddable":true,"href":"https:\/\/comunitatregants.org\/web\/wp-json\/wp\/v2\/users\/1"}],"replies":[{"embeddable":true,"href":"https:\/\/comunitatregants.org\/web\/wp-json\/wp\/v2\/comments?post=1692"}],"version-history":[{"count":0,"href":"https:\/\/comunitatregants.org\/web\/wp-json\/wp\/v2\/pages\/1692\/revisions"}],"up":[{"embeddable":true,"href":"https:\/\/comunitatregants.org\/web\/wp-json\/wp\/v2\/pages\/2218"}],"wp:attachment":[{"href":"https:\/\/comunitatregants.org\/web\/wp-json\/wp\/v2\/media?parent=1692"}],"curies":[{"name":"wp","href":"https:\/\/api.w.org\/{rel}","templated":true}]}}

<div data-elementor-type="wp-page" data-elementor-id="1692" class="elementor elementor-1692">
						<section class="elementor-section elementor-top-section elementor-element elementor-element-c3ef750 elementor-section-full_width elementor-section-height-min-height elementor-section-height-default elementor-section-items-middle" data-id="c3ef750" data-element_type="section" data-settings="{&quot;background_background&quot;:&quot;classic&quot;}">
						<div class="elementor-container elementor-column-gap-default">
					<div class="elementor-column elementor-col-100 elementor-top-column elementor-element elementor-element-2c41f0b" data-id="2c41f0b" data-element_type="column">
			<div class="elementor-widget-wrap elementor-element-populated">
						<div class="elementor-element elementor-element-b9b39ea elementor-widget elementor-widget-heading" data-id="b9b39ea" data-element_type="widget" data-widget_type="heading.default">
				<div class="elementor-widget-container">
			<h1 class="elementor-heading-title elementor-size-default">JUNTA DIRECTIVA</h1>		</div>
				</div>
				<div class="elementor-element elementor-element-ef298cf elementor-align-center elementor-widget elementor-widget-raven-breadcrumbs" data-id="ef298cf" data-element_type="widget" data-widget_type="raven-breadcrumbs.default">
				<div class="elementor-widget-container">
			<div class="raven-breadcrumbs raven-breadcrumbs-default"><div class="breadcrumb">				<div class="breadcrumb-item active" aria-current="page"><span>Home</span></div>

				</div></div>		</div>
				</div>
					</div>
		</div>
					</div>
		</section>
				<section class="elementor-section elementor-top-section elementor-element elementor-element-9f6e479 elementor-section-boxed elementor-section-height-default elementor-section-height-default" data-id="9f6e479" data-element_type="section">
						<div class="elementor-container elementor-column-gap-no">
					<div class="elementor-column elementor-col-100 elementor-top-column elementor-element elementor-element-dd68e1e" data-id="dd68e1e" data-element_type="column">
			<div class="elementor-widget-wrap elementor-element-populated">
						<div class="elementor-element elementor-element-23058de elementor-widget elementor-widget-heading" data-id="23058de" data-element_type="widget" data-widget_type="heading.default">
				<div class="elementor-widget-container">
			<h2 class="elementor-heading-title elementor-size-default">JUNTA DIRECTIVA</h2>		</div>
				</div>
				<div class="elementor-element elementor-element-08e87e8 elementor-widget elementor-widget-text-editor" data-id="08e87e8" data-element_type="widget" data-widget_type="text-editor.default">
				<div class="elementor-widget-container">
							<div><b>Presidència</b></div>
<ul>
<li>En Jordi Audí Vallespí</li>
</ul>
<p><b>Vice-President</b></p>
<ul>
<li>En Alfonso Gisbert Pons</li></ul><div><p><b>Secretàri</b></p>
<ul><li>En Joaquín Gisbert Vallespí</li></ul></div><ul>
</ul>
<p><b>Tresorer</b></p>
<ul>
<li>En Antonio Pla Mauri</li>
</ul><p><b>Vocal</b></p>
<ul>
<li>En José Bonavila Huguet</li></ul><div><p><b>Vocal suplent<br></b></p>
<ul><li>En Joan Cid Alifonso<br></li></ul></div>						</div>
				</div>
				<div class="elementor-element elementor-element-66242af elementor-widget elementor-widget-heading" data-id="66242af" data-element_type="widget" data-widget_type="heading.default">
				<div class="elementor-widget-container">
			<h2 class="elementor-heading-title elementor-size-default">JURAT DE REGS</h2>		</div>
				</div>
				<div class="elementor-element elementor-element-4ec71e7 elementor-widget elementor-widget-text-editor" data-id="4ec71e7" data-element_type="widget" data-widget_type="text-editor.default">
				<div class="elementor-widget-container">
							<div><b>Presidència</b></div><ul><li>En Joaquin Pons Martorell</li></ul>						</div>
				</div>
					</div>
		</div>
					</div>
		</section>
				</div>

<p>JUNTA DIRECTIVA Home JUNTA DIRECTIVA Presidència En Jordi Audí Vallespí Vice-President En Alfonso Gisbert Pons Secretàri En Joaquín Gisbert Vallespí Tresorer En Antonio Pla Mauri Vocal En José Bonavila Huguet Vocal suplent En Joan Cid Alifonso JURAT DE REGS Presidència En Joaquin Pons Martorell</p>
