{"id":2957,"date":"2024-01-03T13:24:06","date_gmt":"2024-01-03T11:24:06","guid":{"rendered":"https:\/\/comunitatregants.org\/web\/?page_id=2957"},"modified":"2026-04-13T12:31:26","modified_gmt":"2026-04-13T10:31:26","slug":"juntesgenerals","status":"publish","type":"page","link":"https:\/\/comunitatregants.org\/web\/informacio\/juntesgenerals\/","title":{"rendered":"Juntes Generals"},"content":{"rendered":"\t\t<div data-elementor-type=\"wp-page\" data-elementor-id=\"2957\" class=\"elementor elementor-2957\">\n\t\t\t\t\t\t<section class=\"elementor-section elementor-top-section elementor-element elementor-element-c3ef750 elementor-section-full_width elementor-section-height-min-height elementor-section-height-default elementor-section-items-middle\" data-id=\"c3ef750\" data-element_type=\"section\" data-settings=\"{&quot;background_background&quot;:&quot;classic&quot;}\">\n\t\t\t\t\t\t<div class=\"elementor-container elementor-column-gap-default\">\n\t\t\t\t\t<div class=\"elementor-column elementor-col-100 elementor-top-column elementor-element elementor-element-2c41f0b\" data-id=\"2c41f0b\" data-element_type=\"column\">\n\t\t\t<div class=\"elementor-widget-wrap elementor-element-populated\">\n\t\t\t\t\t\t<div class=\"elementor-element elementor-element-b9b39ea elementor-widget elementor-widget-heading\" data-id=\"b9b39ea\" data-element_type=\"widget\" data-widget_type=\"heading.default\">\n\t\t\t\t<div class=\"elementor-widget-container\">\n\t\t\t<h1 class=\"elementor-heading-title elementor-size-default\">JUNTES GENERALS<\/h1>\t\t<\/div>\n\t\t\t\t<\/div>\n\t\t\t\t<div class=\"elementor-element elementor-element-ef298cf elementor-align-center elementor-widget elementor-widget-raven-breadcrumbs\" data-id=\"ef298cf\" data-element_type=\"widget\" data-widget_type=\"raven-breadcrumbs.default\">\n\t\t\t\t<div class=\"elementor-widget-container\">\n\t\t\t<div class=\"raven-breadcrumbs raven-breadcrumbs-default\"><div class=\"breadcrumb\">\t\t\t\t<div class=\"breadcrumb-item active\" aria-current=\"page\"><span>Home<\/span><\/div>\n\n\t\t\t\t<\/div><\/div>\t\t<\/div>\n\t\t\t\t<\/div>\n\t\t\t\t\t<\/div>\n\t\t<\/div>\n\t\t\t\t\t<\/div>\n\t\t<\/section>\n\t\t\t\t<section class=\"elementor-section elementor-top-section elementor-element elementor-element-9f6e479 elementor-section-boxed elementor-section-height-default elementor-section-height-default\" data-id=\"9f6e479\" data-element_type=\"section\">\n\t\t\t\t\t\t<div class=\"elementor-container elementor-column-gap-no\">\n\t\t\t\t\t<div class=\"elementor-column elementor-col-100 elementor-top-column elementor-element elementor-element-dd68e1e\" data-id=\"dd68e1e\" data-element_type=\"column\">\n\t\t\t<div class=\"elementor-widget-wrap elementor-element-populated\">\n\t\t\t\t\t\t<div class=\"elementor-element elementor-element-74879ab elementor-widget elementor-widget-toggle\" data-id=\"74879ab\" data-element_type=\"widget\" data-widget_type=\"toggle.default\">\n\t\t\t\t<div class=\"elementor-widget-container\">\n\t\t\t\t\t<div class=\"elementor-toggle\">\n\t\t\t\t\t\t\t<div class=\"elementor-toggle-item\">\n\t\t\t\t\t<div id=\"elementor-tab-title-1221\" class=\"elementor-tab-title\" data-tab=\"1\" role=\"button\" aria-controls=\"elementor-tab-content-1221\" aria-expanded=\"false\">\n\t\t\t\t\t\t\t\t\t\t\t\t<span class=\"elementor-toggle-icon elementor-toggle-icon-left\" aria-hidden=\"true\">\n\t\t\t\t\t\t\t\t\t\t\t\t\t\t\t<span class=\"elementor-toggle-icon-closed\"><i class=\"fas fa-caret-right\"><\/i><\/span>\n\t\t\t\t\t\t\t\t<span class=\"elementor-toggle-icon-opened\"><i class=\"elementor-toggle-icon-opened fas fa-caret-up\"><\/i><\/span>\n\t\t\t\t\t\t\t\t\t\t\t\t\t<\/span>\n\t\t\t\t\t\t\t\t\t\t\t\t<a class=\"elementor-toggle-title\" tabindex=\"0\">2026<\/a>\n\t\t\t\t\t<\/div>\n\n\t\t\t\t\t<div id=\"elementor-tab-content-1221\" class=\"elementor-tab-content elementor-clearfix\" data-tab=\"1\" role=\"region\" aria-labelledby=\"elementor-tab-title-1221\"><div><a href=\"https:\/\/comunitatregants.org\/web\/wp-content\/uploads\/2026\/04\/Convocatoria-Junta-General-BOE-B-2026-9528.pdf\">(BOE) Convocat\u00f2ria Junta General ordin\u00e0ria a celebrar el 29 d&#8217;Abril de 2026.<\/a><\/div><div>\u00a0<\/div><\/div>\n\t\t\t\t<\/div>\n\t\t\t\t\t\t\t<div class=\"elementor-toggle-item\">\n\t\t\t\t\t<div id=\"elementor-tab-title-1222\" class=\"elementor-tab-title\" data-tab=\"2\" role=\"button\" aria-controls=\"elementor-tab-content-1222\" aria-expanded=\"false\">\n\t\t\t\t\t\t\t\t\t\t\t\t<span class=\"elementor-toggle-icon elementor-toggle-icon-left\" aria-hidden=\"true\">\n\t\t\t\t\t\t\t\t\t\t\t\t\t\t\t<span class=\"elementor-toggle-icon-closed\"><i class=\"fas fa-caret-right\"><\/i><\/span>\n\t\t\t\t\t\t\t\t<span class=\"elementor-toggle-icon-opened\"><i class=\"elementor-toggle-icon-opened fas fa-caret-up\"><\/i><\/span>\n\t\t\t\t\t\t\t\t\t\t\t\t\t<\/span>\n\t\t\t\t\t\t\t\t\t\t\t\t<a class=\"elementor-toggle-title\" tabindex=\"0\">2025<\/a>\n\t\t\t\t\t<\/div>\n\n\t\t\t\t\t<div id=\"elementor-tab-content-1222\" class=\"elementor-tab-content elementor-clearfix\" data-tab=\"2\" role=\"region\" aria-labelledby=\"elementor-tab-title-1222\"><div><a href=\"https:\/\/comunitatregants.org\/web\/wp-content\/uploads\/2025\/11\/Convocatoria-Junta-General_Novembre_Cat.pdf\">Convocat\u00f2ria Junta General ordin\u00e0ria a celebrar el 1 de Desembre de 2025.<\/a><\/div><div><a href=\"https:\/\/comunitatregants.org\/web\/wp-content\/uploads\/2025\/11\/BOE-B-2025-39666.pdf\">(BOE) Convocat\u00f2ria Junta General ordin\u00e0ria a celebrar el 1 de Desembre de 2025.<\/a><\/div><div><a href=\"https:\/\/comunitatregants.org\/web\/wp-content\/uploads\/2025\/10\/BOE-B-2025-36077.pdf\">Convocat\u00f2ria Junta General extraordin\u00e0ria a celebrar el 29 d&#8217;Octubre de 2025.<\/a><\/div><div><a href=\"https:\/\/comunitatregants.org\/web\/wp-content\/uploads\/2025\/04\/BOE-B-2025-10339.pdf\">Convocat\u00f2ria Junta General ordin\u00e0ria a celebrar el 30 d&#8217;Abril de 2025.<\/a><\/div><div>\u00a0<\/div><\/div>\n\t\t\t\t<\/div>\n\t\t\t\t\t\t\t<div class=\"elementor-toggle-item\">\n\t\t\t\t\t<div id=\"elementor-tab-title-1223\" class=\"elementor-tab-title\" data-tab=\"3\" role=\"button\" aria-controls=\"elementor-tab-content-1223\" aria-expanded=\"false\">\n\t\t\t\t\t\t\t\t\t\t\t\t<span class=\"elementor-toggle-icon elementor-toggle-icon-left\" aria-hidden=\"true\">\n\t\t\t\t\t\t\t\t\t\t\t\t\t\t\t<span class=\"elementor-toggle-icon-closed\"><i class=\"fas fa-caret-right\"><\/i><\/span>\n\t\t\t\t\t\t\t\t<span class=\"elementor-toggle-icon-opened\"><i class=\"elementor-toggle-icon-opened fas fa-caret-up\"><\/i><\/span>\n\t\t\t\t\t\t\t\t\t\t\t\t\t<\/span>\n\t\t\t\t\t\t\t\t\t\t\t\t<a class=\"elementor-toggle-title\" tabindex=\"0\">2024<\/a>\n\t\t\t\t\t<\/div>\n\n\t\t\t\t\t<div id=\"elementor-tab-content-1223\" class=\"elementor-tab-content elementor-clearfix\" data-tab=\"3\" role=\"region\" aria-labelledby=\"elementor-tab-title-1223\"><div><a href=\"https:\/\/comunitatregants.org\/web\/wp-content\/uploads\/2024\/11\/Publicacio-BOP_CVE-2024-09802.pdf\">(BOP) Convocat\u00f2ria Junta General ordin\u00e0ria a celebrar el 30 de Novembre de 2024.<\/a><\/div><div><a href=\"https:\/\/comunitatregants.org\/web\/wp-content\/uploads\/2024\/11\/Publicacio-BOE-B-2024-39902.pdf\">(BOE) Convocat\u00f2ria Junta General ordin\u00e0ria a celebrar el 30 de Novembre de 2024.<\/a><\/div><div><a href=\"https:\/\/comunitatregants.org\/web\/wp-content\/uploads\/2024\/09\/Publicacio-BOE-B-2024-33620-23-09-24.pdf\">Convocat\u00f2ria Junta General extraordin\u00e0ria a celebrar el 25 d&#8217;Octubre de 2024.<\/a><\/div><div class=\"destacat\"><div class=\"textdestacat\"><a href=\"https:\/\/comunitatregants.org\/web\/wp-content\/uploads\/2024\/09\/Publicacio-BOP-junta-20240427.pdf\">Convocat\u00f2ria Junta General ordin\u00e0ria a celebrar el 27 d\u2019abril de 2024.<\/a><\/div><\/div><\/div>\n\t\t\t\t<\/div>\n\t\t\t\t\t\t\t<div class=\"elementor-toggle-item\">\n\t\t\t\t\t<div id=\"elementor-tab-title-1224\" class=\"elementor-tab-title\" data-tab=\"4\" role=\"button\" aria-controls=\"elementor-tab-content-1224\" aria-expanded=\"false\">\n\t\t\t\t\t\t\t\t\t\t\t\t<span class=\"elementor-toggle-icon elementor-toggle-icon-left\" aria-hidden=\"true\">\n\t\t\t\t\t\t\t\t\t\t\t\t\t\t\t<span class=\"elementor-toggle-icon-closed\"><i class=\"fas fa-caret-right\"><\/i><\/span>\n\t\t\t\t\t\t\t\t<span class=\"elementor-toggle-icon-opened\"><i class=\"elementor-toggle-icon-opened fas fa-caret-up\"><\/i><\/span>\n\t\t\t\t\t\t\t\t\t\t\t\t\t<\/span>\n\t\t\t\t\t\t\t\t\t\t\t\t<a class=\"elementor-toggle-title\" tabindex=\"0\">2023<\/a>\n\t\t\t\t\t<\/div>\n\n\t\t\t\t\t<div id=\"elementor-tab-content-1224\" class=\"elementor-tab-content elementor-clearfix\" data-tab=\"4\" role=\"region\" aria-labelledby=\"elementor-tab-title-1224\"><div class=\"destacat\"><div class=\"textdestacat\"><a href=\"https:\/\/comunitatregants.org\/doc\/convo-junta-ctat-gral-20231125.pdf\">Convocat\u00f2ria Junta General Ordin\u00e0ria a celebrar el 25 de novembre de 2023<\/a><\/div><\/div><div class=\"destacat\"><div class=\"textdestacat\"><a href=\"https:\/\/comunitatregants.org\/doc\/convo-junta-extraordinaria-ctat-gral-20231020.pdf\">Convocat\u00f2ria Junta General extraordin\u00e0ria a celebrar el 20 d\u2019octubre de 2023<\/a><\/div><\/div><div class=\"destacat\"><div class=\"textdestacat\"><a href=\"https:\/\/www.comunitatregants.org\/doc\/convo-junta-general-ordinaria-ctat-gral-20230429.pdf\">Convocat\u00f2ria Junta General ordin\u00e0ria a celebrar el 29 d\u2019abril de 2023<\/a><\/div><\/div><\/div>\n\t\t\t\t<\/div>\n\t\t\t\t\t\t\t\t<\/div>\n\t\t\t\t<\/div>\n\t\t\t\t<\/div>\n\t\t\t\t\t<\/div>\n\t\t<\/div>\n\t\t\t\t\t<\/div>\n\t\t<\/section>\n\t\t\t\t<\/div>\n\t\t","protected":false},"excerpt":{"rendered":"<p>JUNTES GENERALS Home 2026 (BOE) Convocat\u00f2ria Junta General ordin\u00e0ria a celebrar el 29 d&#8217;Abril de 2026.\u00a0 2025 Convocat\u00f2ria Junta General ordin\u00e0ria a celebrar el 1 de Desembre de 2025.(BOE) Convocat\u00f2ria Junta General ordin\u00e0ria a celebrar el 1 de Desembre de 2025.Convocat\u00f2ria Junta General extraordin\u00e0ria a celebrar el 29 d&#8217;Octubre de 2025.Convocat\u00f2ria Junta General ordin\u00e0ria a [&hellip;]<\/p>\n","protected":false},"author":1,"featured_media":0,"parent":2922,"menu_order":0,"comment_status":"closed","ping_status":"closed","template":"full-width.php","meta":{"_acf_changed":false,"footnotes":""},"class_list":["post-2957","page","type-page","status-publish","hentry"],"acf":[],"_links":{"self":[{"href":"https:\/\/comunitatregants.org\/web\/wp-json\/wp\/v2\/pages\/2957","targetHints":{"allow":["GET"]}}],"collection":[{"href":"https:\/\/comunitatregants.org\/web\/wp-json\/wp\/v2\/pages"}],"about":[{"href":"https:\/\/comunitatregants.org\/web\/wp-json\/wp\/v2\/types\/page"}],"author":[{"embeddable":true,"href":"https:\/\/comunitatregants.org\/web\/wp-json\/wp\/v2\/users\/1"}],"replies":[{"embeddable":true,"href":"https:\/\/comunitatregants.org\/web\/wp-json\/wp\/v2\/comments?post=2957"}],"version-history":[{"count":31,"href":"https:\/\/comunitatregants.org\/web\/wp-json\/wp\/v2\/pages\/2957\/revisions"}],"predecessor-version":[{"id":6754,"href":"https:\/\/comunitatregants.org\/web\/wp-json\/wp\/v2\/pages\/2957\/revisions\/6754"}],"up":[{"embeddable":true,"href":"https:\/\/comunitatregants.org\/web\/wp-json\/wp\/v2\/pages\/2922"}],"wp:attachment":[{"href":"https:\/\/comunitatregants.org\/web\/wp-json\/wp\/v2\/media?parent=2957"}],"curies":[{"name":"wp","href":"https:\/\/api.w.org\/{rel}","templated":true}]}}