{"id":3290,"date":"2024-01-24T10:54:57","date_gmt":"2024-01-24T08:54:57","guid":{"rendered":"https:\/\/comunitatregants.org\/web\/?page_id=3290"},"modified":"2024-01-24T11:24:05","modified_gmt":"2024-01-24T09:24:05","slug":"politica-privacitat","status":"publish","type":"page","link":"https:\/\/comunitatregants.org\/web\/politica-privacitat\/","title":{"rendered":"Pol\u00edtica Privacitat"},"content":{"rendered":"\t\t<div data-elementor-type=\"wp-page\" data-elementor-id=\"3290\" class=\"elementor elementor-3290\">\n\t\t\t\t\t\t<section class=\"elementor-section elementor-top-section elementor-element elementor-element-c3ef750 elementor-section-full_width elementor-section-height-min-height elementor-section-height-default elementor-section-items-middle\" data-id=\"c3ef750\" data-element_type=\"section\" data-settings=\"{&quot;background_background&quot;:&quot;classic&quot;}\">\n\t\t\t\t\t\t<div class=\"elementor-container elementor-column-gap-default\">\n\t\t\t\t\t<div class=\"elementor-column elementor-col-100 elementor-top-column elementor-element elementor-element-2c41f0b\" data-id=\"2c41f0b\" data-element_type=\"column\">\n\t\t\t<div class=\"elementor-widget-wrap elementor-element-populated\">\n\t\t\t\t\t\t<div class=\"elementor-element elementor-element-b9b39ea elementor-widget elementor-widget-heading\" data-id=\"b9b39ea\" data-element_type=\"widget\" data-widget_type=\"heading.default\">\n\t\t\t\t<div class=\"elementor-widget-container\">\n\t\t\t<h1 class=\"elementor-heading-title elementor-size-default\">POL\u00cdTICA PRIVACITAT<\/h1>\t\t<\/div>\n\t\t\t\t<\/div>\n\t\t\t\t<div class=\"elementor-element elementor-element-ef298cf elementor-align-center elementor-widget elementor-widget-raven-breadcrumbs\" data-id=\"ef298cf\" data-element_type=\"widget\" data-widget_type=\"raven-breadcrumbs.default\">\n\t\t\t\t<div class=\"elementor-widget-container\">\n\t\t\t<div class=\"raven-breadcrumbs raven-breadcrumbs-default\"><div class=\"breadcrumb\">\t\t\t\t<div class=\"breadcrumb-item active\" aria-current=\"page\"><span>Home<\/span><\/div>\n\n\t\t\t\t<\/div><\/div>\t\t<\/div>\n\t\t\t\t<\/div>\n\t\t\t\t\t<\/div>\n\t\t<\/div>\n\t\t\t\t\t<\/div>\n\t\t<\/section>\n\t\t\t\t<section class=\"elementor-section elementor-top-section elementor-element elementor-element-9f6e479 elementor-section-boxed elementor-section-height-default elementor-section-height-default\" data-id=\"9f6e479\" data-element_type=\"section\">\n\t\t\t\t\t\t<div class=\"elementor-container elementor-column-gap-no\">\n\t\t\t\t\t<div class=\"elementor-column elementor-col-100 elementor-top-column elementor-element elementor-element-dd68e1e\" data-id=\"dd68e1e\" data-element_type=\"column\">\n\t\t\t<div class=\"elementor-widget-wrap elementor-element-populated\">\n\t\t\t\t\t\t<div class=\"elementor-element elementor-element-23058de elementor-widget elementor-widget-heading\" data-id=\"23058de\" data-element_type=\"widget\" data-widget_type=\"heading.default\">\n\t\t\t\t<div class=\"elementor-widget-container\">\n\t\t\t<h2 class=\"elementor-heading-title elementor-size-default\">INFORMACI\u00d3 A L'USUARI<\/h2>\t\t<\/div>\n\t\t\t\t<\/div>\n\t\t\t\t<div class=\"elementor-element elementor-element-08e87e8 elementor-widget elementor-widget-text-editor\" data-id=\"08e87e8\" data-element_type=\"widget\" data-widget_type=\"text-editor.default\">\n\t\t\t\t<div class=\"elementor-widget-container\">\n\t\t\t\t\t\t\t<div><strong><strong>Qui \u00e9s el responsable del tractament de les teves dades personals?<\/strong><\/strong><p>COMUNITAT GENERAL DE REGANTS EL CANAL DE LA DRETA DEL EBRE \u00e9s RESPONSABLE del tractament de les dades personals de l\u2019USUARI i l&#8217; informa que aquestes dades seran tractades de conformitat amb el que disposa el Reglament (UE) 2016\/679, de 27 d\u2019abril (GDPR), i la Llei Org\u00e0nica 3\/2018, de 5 de desembre (LOPDGDD).<\/p><\/div><p><strong>Per a qu\u00e8 tractem les teves dades personals?<\/strong><\/p><p>Per mantenir una relaci\u00f3 comercial amb l\u2019usuari. Les operacions previstes per a realitzar el tractament s\u00f3n:<\/p><p>Remissi\u00f3 de comunicacions comercials publicit\u00e0ries per e-mail, fax, SMS, MMS, xarxes socials o qualsevol altre mitj\u00e0 electr\u00f2nic o f\u00edsic, present o futur, que possibiliti realitzar comunicacions comercials. Aquestes comunicacions seran realitzades pel RESPONSABLE i estaran relacionades amb els seus productes i serveis, o els seus col\u00b7laboradors o prove\u00efdors, amb els quals aquest hagi arribat a algun acord de promoci\u00f3. En aquest cas, els tercers mai tindran acc\u00e9s a les dades personals.<\/p><div><p><strong>Realitzar estudis de mercat i an\u00e0lisi estad\u00edstiques.<\/strong><\/p><\/div><p>Tramitar enc\u00e0rrecs de peticions, donar resposta a les consultes o qualsevol tipus de petici\u00f3 realitzades per l\u2019usuari mitjan\u00e7ant qualsevol de les formes de contacte que es posen a la seva disposici\u00f3 a la p\u00e0gina web del RESPONSABLE.<\/p><p>Remetre el butllet\u00ed informatiu online, sobre novetats, ofertes i promocions en la nostra activitat.<\/p><p><strong>Per quin motiu podem tractar les teves dades personals?<\/strong><\/p><p>Perqu\u00e8 el tractament est\u00e0 legitimat per l\u2019article 6 de l\u2019GDPR de la seg\u00fcent manera:<\/p><p>Amb el consentiment de l\u2019usuari: remissi\u00f3 de comunicacions comercials i del butllet\u00ed informatiu.<\/p><p>Per inter\u00e8s leg\u00edtim del RESPONSABLE: realitzar estudis de mercat, an\u00e0lisi estad\u00edstiques, etc. i tramitar enc\u00e0rrecs, sol\u00b7licituds, etc. a petici\u00f3 de l\u2019usuari.<\/p><p><strong>Durant quant de temps guardarem les teves dades personals?<\/strong><\/p><p>Es conservaran durant no m\u00e9s temps del necessari per mantenir la finalitat del tractament o si existeixin prescripcions legals que dictaminin la seva cust\u00f2dia i quan ja no sigui necessari per a aix\u00f2, se suprimiran amb mesures de seguretat adequades per garantir l\u2019anonimitzaci\u00f3 de les dades o la destrucci\u00f3 total d&#8217;aquestes.<\/p><p><strong>A qui facilitem les teves dades personals?<\/strong><\/p><p>No est\u00e0 previst cap comunicaci\u00f3 de dades personals a tercers fora de perill excepte, si fos necessari per al desenvolupament i execuci\u00f3 de les finalitats del tractament, als nostres prove\u00efdors de serveis relacionats amb comunicacions, amb els quals el RESPONSABLE t\u00e9 subscrits els contractes de confidencialitat i d&#8217;encarregat tractament exigits per la normativa vigent de privacitat.<\/p><p><strong>Quins s\u00f3n els teus drets?<\/strong><\/p><p>Els drets que assisteixen a l\u2019usuari s\u00f3n:<\/p><p>Dret a retirar el consentiment en qualsevol moment.<\/p><p>Dret d\u2019acc\u00e9s, rectificaci\u00f3, portabilitat i supressi\u00f3 de les seves dades, i de limitaci\u00f3 o oposici\u00f3 al seu tractament.<\/p><p>Dret a presentar una reclamaci\u00f3 davant l\u2019autoritat de control (www.aepd.es) si considera que el tractament no s\u2019ajusta a la normativa vigent.<\/p><p>Dades de contacte per exercir els seus drets:<\/p><p>COMUNITAT GENERAL DE REGANTS EL CANAL DE LA DRETA DEL EBRE. PASSEIG DEL CANAL, 43-49 43870 AMPOSTA (Tarragona). Correu electr\u00f2nic:\u00a0<a href=\"mailto:admin@comunitatregants.org\">admin@comunitatregants.org<\/a><\/p>\t\t\t\t\t\t<\/div>\n\t\t\t\t<\/div>\n\t\t\t\t<div class=\"elementor-element elementor-element-970ab1f elementor-widget elementor-widget-heading\" data-id=\"970ab1f\" data-element_type=\"widget\" data-widget_type=\"heading.default\">\n\t\t\t\t<div class=\"elementor-widget-container\">\n\t\t\t<h2 class=\"elementor-heading-title elementor-size-default\">CAR\u00c0CTER OBLIGATORI O FACULTATIU DE LA INFORMACI\u00d3 FACILITADA PER L'USUARI<\/h2>\t\t<\/div>\n\t\t\t\t<\/div>\n\t\t\t\t<div class=\"elementor-element elementor-element-53d4061 elementor-widget elementor-widget-text-editor\" data-id=\"53d4061\" data-element_type=\"widget\" data-widget_type=\"text-editor.default\">\n\t\t\t\t<div class=\"elementor-widget-container\">\n\t\t\t\t\t\t\t<p>Els USUARIS, mitjan\u00e7ant la marcaci\u00f3 de les caselles corresponents i l\u2019entrada de dades en els camps, marcats amb un asterisc (*) en el formulari de contacte o presentats en formularis de desc\u00e0rrega, accepten expressament i de forma lliure i inequ\u00edvoca, que les seves dades s\u00f3n necessaris per atendre la seva petici\u00f3, per part de prestador, sent volunt\u00e0ria la inclusi\u00f3 de dades en els camps restants. L\u2019usuari garanteix que les dades personals facilitades al RESPONSABLE s\u00f3n veraces i es fa responsable de comunicar qualsevol modificaci\u00f3 de les mateixes.<\/p><p>El RESPONSABLE informa que totes les dades sol\u00b7licitades a trav\u00e9s del lloc web s\u00f3n obligat\u00f2ries, ja que s\u00f3n necessaris per a la prestaci\u00f3 d\u2019un servei \u00f2ptim a l\u2019usuari. En cas que no es facilitin totes les dades, no es garanteix que la informaci\u00f3 i serveis facilitats siguin completament ajustats a les seves necessitats.<\/p>\t\t\t\t\t\t<\/div>\n\t\t\t\t<\/div>\n\t\t\t\t<div class=\"elementor-element elementor-element-ce1e4a5 elementor-widget elementor-widget-heading\" data-id=\"ce1e4a5\" data-element_type=\"widget\" data-widget_type=\"heading.default\">\n\t\t\t\t<div class=\"elementor-widget-container\">\n\t\t\t<h2 class=\"elementor-heading-title elementor-size-default\">MESURES DE SEGURETAT<\/h2>\t\t<\/div>\n\t\t\t\t<\/div>\n\t\t\t\t<div class=\"elementor-element elementor-element-1c96aaa elementor-widget elementor-widget-text-editor\" data-id=\"1c96aaa\" data-element_type=\"widget\" data-widget_type=\"text-editor.default\">\n\t\t\t\t<div class=\"elementor-widget-container\">\n\t\t\t\t\t\t\t<p>Que de conformitat amb el que disposen les normatives vigents en protecci\u00f3 de dades personals, el RESPONSABLE est\u00e0 complint amb totes les disposicions de les normatives GDPR i LOPDGDD per al tractament de les dades personals de la seva responsabilitat, i manifestament amb els principis descrits en l\u2019article 5 del GDPR, pels quals s\u00f3n tractades de manera l\u00edcita, lleial i transparent en relaci\u00f3 amb l\u2019interessat i adequades, pertinents i limitades al que \u00e9s necessari en relaci\u00f3 amb els fins per als quals s\u00f3n tractades.<\/p><p>El RESPONSABLE garanteix que ha implementat pol\u00edtiques t\u00e8cniques i organitzatives apropiades, per aplicar les mesures de seguretat que estableixen el GDPR i la LOPDGDD per tal de protegir els drets i llibertats dels USUARIS i els ha comunicat la informaci\u00f3 adequada perqu\u00e8 puguin exercir-los.<\/p><p>Per a m\u00e9s informaci\u00f3 sobre les garanties de privacitat, pots dirigir-te al RESPONSABLE mitjan\u00e7ant: COMUNITAT GENERAL DE REGANTS EL CANAL DE LA DRETA DEL EBRE. PASSEIG DEL CANAL, 43-49 &#8211; 43870 AMPOSTA (Tarragona). Correu electr\u00f2nic:\u00a0<a href=\"mailto:admin@comunitatregants.org\">admin@comunitatregants.org<\/a><\/p>\t\t\t\t\t\t<\/div>\n\t\t\t\t<\/div>\n\t\t\t\t\t<\/div>\n\t\t<\/div>\n\t\t\t\t\t<\/div>\n\t\t<\/section>\n\t\t\t\t<\/div>\n\t\t","protected":false},"excerpt":{"rendered":"<p>POL\u00cdTICA PRIVACITAT Home INFORMACI\u00d3 A L&#8217;USUARI Qui \u00e9s el responsable del tractament de les teves dades personals? COMUNITAT GENERAL DE REGANTS EL CANAL DE LA DRETA DEL EBRE \u00e9s RESPONSABLE del tractament de les dades personals de l\u2019USUARI i l&#8217; informa que aquestes dades seran tractades de conformitat amb el que disposa el Reglament (UE) [&hellip;]<\/p>\n","protected":false},"author":1,"featured_media":0,"parent":0,"menu_order":0,"comment_status":"closed","ping_status":"closed","template":"full-width.php","meta":{"_acf_changed":false,"footnotes":""},"class_list":["post-3290","page","type-page","status-publish","hentry"],"acf":[],"_links":{"self":[{"href":"https:\/\/comunitatregants.org\/web\/wp-json\/wp\/v2\/pages\/3290","targetHints":{"allow":["GET"]}}],"collection":[{"href":"https:\/\/comunitatregants.org\/web\/wp-json\/wp\/v2\/pages"}],"about":[{"href":"https:\/\/comunitatregants.org\/web\/wp-json\/wp\/v2\/types\/page"}],"author":[{"embeddable":true,"href":"https:\/\/comunitatregants.org\/web\/wp-json\/wp\/v2\/users\/1"}],"replies":[{"embeddable":true,"href":"https:\/\/comunitatregants.org\/web\/wp-json\/wp\/v2\/comments?post=3290"}],"version-history":[{"count":0,"href":"https:\/\/comunitatregants.org\/web\/wp-json\/wp\/v2\/pages\/3290\/revisions"}],"wp:attachment":[{"href":"https:\/\/comunitatregants.org\/web\/wp-json\/wp\/v2\/media?parent=3290"}],"curies":[{"name":"wp","href":"https:\/\/api.w.org\/{rel}","templated":true}]}}

Política Privacitat

<div data-elementor-type="wp-page" data-elementor-id="3290" class="elementor elementor-3290">
						<section class="elementor-section elementor-top-section elementor-element elementor-element-c3ef750 elementor-section-full_width elementor-section-height-min-height elementor-section-height-default elementor-section-items-middle" data-id="c3ef750" data-element_type="section" data-settings="{&quot;background_background&quot;:&quot;classic&quot;}">
						<div class="elementor-container elementor-column-gap-default">
					<div class="elementor-column elementor-col-100 elementor-top-column elementor-element elementor-element-2c41f0b" data-id="2c41f0b" data-element_type="column">
			<div class="elementor-widget-wrap elementor-element-populated">
						<div class="elementor-element elementor-element-b9b39ea elementor-widget elementor-widget-heading" data-id="b9b39ea" data-element_type="widget" data-widget_type="heading.default">
				<div class="elementor-widget-container">
			<h1 class="elementor-heading-title elementor-size-default">POLÍTICA PRIVACITAT</h1>		</div>
				</div>
				<div class="elementor-element elementor-element-ef298cf elementor-align-center elementor-widget elementor-widget-raven-breadcrumbs" data-id="ef298cf" data-element_type="widget" data-widget_type="raven-breadcrumbs.default">
				<div class="elementor-widget-container">
			<div class="raven-breadcrumbs raven-breadcrumbs-default"><div class="breadcrumb">				<div class="breadcrumb-item active" aria-current="page"><span>Home</span></div>

				</div></div>		</div>
				</div>
					</div>
		</div>
					</div>
		</section>
				<section class="elementor-section elementor-top-section elementor-element elementor-element-9f6e479 elementor-section-boxed elementor-section-height-default elementor-section-height-default" data-id="9f6e479" data-element_type="section">
						<div class="elementor-container elementor-column-gap-no">
					<div class="elementor-column elementor-col-100 elementor-top-column elementor-element elementor-element-dd68e1e" data-id="dd68e1e" data-element_type="column">
			<div class="elementor-widget-wrap elementor-element-populated">
						<div class="elementor-element elementor-element-23058de elementor-widget elementor-widget-heading" data-id="23058de" data-element_type="widget" data-widget_type="heading.default">
				<div class="elementor-widget-container">
			<h2 class="elementor-heading-title elementor-size-default">INFORMACIÓ A L'USUARI</h2>		</div>
				</div>
				<div class="elementor-element elementor-element-08e87e8 elementor-widget elementor-widget-text-editor" data-id="08e87e8" data-element_type="widget" data-widget_type="text-editor.default">
				<div class="elementor-widget-container">
							<div><strong><strong>Qui és el responsable del tractament de les teves dades personals?</strong></strong><p>COMUNITAT GENERAL DE REGANTS EL CANAL DE LA DRETA DEL EBRE és RESPONSABLE del tractament de les dades personals de l’USUARI i l&#8217; informa que aquestes dades seran tractades de conformitat amb el que disposa el Reglament (UE) 2016/679, de 27 d’abril (GDPR), i la Llei Orgànica 3/2018, de 5 de desembre (LOPDGDD).</p></div><p><strong>Per a què tractem les teves dades personals?</strong></p><p>Per mantenir una relació comercial amb l’usuari. Les operacions previstes per a realitzar el tractament són:</p><p>Remissió de comunicacions comercials publicitàries per e-mail, fax, SMS, MMS, xarxes socials o qualsevol altre mitjà electrònic o físic, present o futur, que possibiliti realitzar comunicacions comercials. Aquestes comunicacions seran realitzades pel RESPONSABLE i estaran relacionades amb els seus productes i serveis, o els seus col·laboradors o proveïdors, amb els quals aquest hagi arribat a algun acord de promoció. En aquest cas, els tercers mai tindran accés a les dades personals.</p><div><p><strong>Realitzar estudis de mercat i anàlisi estadístiques.</strong></p></div><p>Tramitar encàrrecs de peticions, donar resposta a les consultes o qualsevol tipus de petició realitzades per l’usuari mitjançant qualsevol de les formes de contacte que es posen a la seva disposició a la pàgina web del RESPONSABLE.</p><p>Remetre el butlletí informatiu online, sobre novetats, ofertes i promocions en la nostra activitat.</p><p><strong>Per quin motiu podem tractar les teves dades personals?</strong></p><p>Perquè el tractament està legitimat per l’article 6 de l’GDPR de la següent manera:</p><p>Amb el consentiment de l’usuari: remissió de comunicacions comercials i del butlletí informatiu.</p><p>Per interès legítim del RESPONSABLE: realitzar estudis de mercat, anàlisi estadístiques, etc. i tramitar encàrrecs, sol·licituds, etc. a petició de l’usuari.</p><p><strong>Durant quant de temps guardarem les teves dades personals?</strong></p><p>Es conservaran durant no més temps del necessari per mantenir la finalitat del tractament o si existeixin prescripcions legals que dictaminin la seva custòdia i quan ja no sigui necessari per a això, se suprimiran amb mesures de seguretat adequades per garantir l’anonimització de les dades o la destrucció total d&#8217;aquestes.</p><p><strong>A qui facilitem les teves dades personals?</strong></p><p>No està previst cap comunicació de dades personals a tercers fora de perill excepte, si fos necessari per al desenvolupament i execució de les finalitats del tractament, als nostres proveïdors de serveis relacionats amb comunicacions, amb els quals el RESPONSABLE té subscrits els contractes de confidencialitat i d&#8217;encarregat tractament exigits per la normativa vigent de privacitat.</p><p><strong>Quins són els teus drets?</strong></p><p>Els drets que assisteixen a l’usuari són:</p><p>Dret a retirar el consentiment en qualsevol moment.</p><p>Dret d’accés, rectificació, portabilitat i supressió de les seves dades, i de limitació o oposició al seu tractament.</p><p>Dret a presentar una reclamació davant l’autoritat de control (www.aepd.es) si considera que el tractament no s’ajusta a la normativa vigent.</p><p>Dades de contacte per exercir els seus drets:</p><p>COMUNITAT GENERAL DE REGANTS EL CANAL DE LA DRETA DEL EBRE. PASSEIG DEL CANAL, 43-49 43870 AMPOSTA (Tarragona). Correu electrònic: <a href="mailto:admin@comunitatregants.org">admin@comunitatregants.org</a></p>						</div>
				</div>
				<div class="elementor-element elementor-element-970ab1f elementor-widget elementor-widget-heading" data-id="970ab1f" data-element_type="widget" data-widget_type="heading.default">
				<div class="elementor-widget-container">
			<h2 class="elementor-heading-title elementor-size-default">CARÀCTER OBLIGATORI O FACULTATIU DE LA INFORMACIÓ FACILITADA PER L'USUARI</h2>		</div>
				</div>
				<div class="elementor-element elementor-element-53d4061 elementor-widget elementor-widget-text-editor" data-id="53d4061" data-element_type="widget" data-widget_type="text-editor.default">
				<div class="elementor-widget-container">
							<p>Els USUARIS, mitjançant la marcació de les caselles corresponents i l’entrada de dades en els camps, marcats amb un asterisc (*) en el formulari de contacte o presentats en formularis de descàrrega, accepten expressament i de forma lliure i inequívoca, que les seves dades són necessaris per atendre la seva petició, per part de prestador, sent voluntària la inclusió de dades en els camps restants. L’usuari garanteix que les dades personals facilitades al RESPONSABLE són veraces i es fa responsable de comunicar qualsevol modificació de les mateixes.</p><p>El RESPONSABLE informa que totes les dades sol·licitades a través del lloc web són obligatòries, ja que són necessaris per a la prestació d’un servei òptim a l’usuari. En cas que no es facilitin totes les dades, no es garanteix que la informació i serveis facilitats siguin completament ajustats a les seves necessitats.</p>						</div>
				</div>
				<div class="elementor-element elementor-element-ce1e4a5 elementor-widget elementor-widget-heading" data-id="ce1e4a5" data-element_type="widget" data-widget_type="heading.default">
				<div class="elementor-widget-container">
			<h2 class="elementor-heading-title elementor-size-default">MESURES DE SEGURETAT</h2>		</div>
				</div>
				<div class="elementor-element elementor-element-1c96aaa elementor-widget elementor-widget-text-editor" data-id="1c96aaa" data-element_type="widget" data-widget_type="text-editor.default">
				<div class="elementor-widget-container">
							<p>Que de conformitat amb el que disposen les normatives vigents en protecció de dades personals, el RESPONSABLE està complint amb totes les disposicions de les normatives GDPR i LOPDGDD per al tractament de les dades personals de la seva responsabilitat, i manifestament amb els principis descrits en l’article 5 del GDPR, pels quals són tractades de manera lícita, lleial i transparent en relació amb l’interessat i adequades, pertinents i limitades al que és necessari en relació amb els fins per als quals són tractades.</p><p>El RESPONSABLE garanteix que ha implementat polítiques tècniques i organitzatives apropiades, per aplicar les mesures de seguretat que estableixen el GDPR i la LOPDGDD per tal de protegir els drets i llibertats dels USUARIS i els ha comunicat la informació adequada perquè puguin exercir-los.</p><p>Per a més informació sobre les garanties de privacitat, pots dirigir-te al RESPONSABLE mitjançant: COMUNITAT GENERAL DE REGANTS EL CANAL DE LA DRETA DEL EBRE. PASSEIG DEL CANAL, 43-49 &#8211; 43870 AMPOSTA (Tarragona). Correu electrònic: <a href="mailto:admin@comunitatregants.org">admin@comunitatregants.org</a></p>						</div>
				</div>
					</div>
		</div>
					</div>
		</section>
				</div>

<p>POLÍTICA PRIVACITAT Home INFORMACIÓ A L&#8217;USUARI Qui és el responsable del tractament de les teves dades personals? COMUNITAT GENERAL DE REGANTS EL CANAL DE LA DRETA DEL EBRE és RESPONSABLE del tractament de les dades personals de l’USUARI i l&#8217; informa que aquestes dades seran tractades de conformitat amb el que disposa el Reglament (UE) [&hellip;]</p>
