{"id":5273,"date":"2024-09-04T10:19:37","date_gmt":"2024-09-04T08:19:37","guid":{"rendered":"https:\/\/comunitatregants.org\/web\/?page_id=5273"},"modified":"2024-09-16T09:58:03","modified_gmt":"2024-09-16T07:58:03","slug":"visitans","status":"publish","type":"page","link":"https:\/\/comunitatregants.org\/web\/visitans\/","title":{"rendered":"Visita&#8217;ns"},"content":{"rendered":"\t\t<div data-elementor-type=\"wp-page\" data-elementor-id=\"5273\" class=\"elementor elementor-5273\">\n\t\t\t\t\t\t<section class=\"elementor-section elementor-top-section elementor-element elementor-element-347b722 elementor-section-full_width elementor-section-height-default elementor-section-height-default\" data-id=\"347b722\" data-element_type=\"section\">\n\t\t\t\t\t\t<div class=\"elementor-container elementor-column-gap-no\">\n\t\t\t\t\t<div class=\"elementor-column elementor-col-100 elementor-top-column elementor-element elementor-element-5576c8b\" data-id=\"5576c8b\" data-element_type=\"column\">\n\t\t\t<div class=\"elementor-widget-wrap elementor-element-populated\">\n\t\t\t\t\t\t<div class=\"elementor-element elementor-element-2a7cba8 elementor-widget elementor-widget-heading\" data-id=\"2a7cba8\" data-element_type=\"widget\" data-widget_type=\"heading.default\">\n\t\t\t\t<div class=\"elementor-widget-container\">\n\t\t\t<h1 class=\"elementor-heading-title elementor-size-default\">Visita'ns<\/h1>\t\t<\/div>\n\t\t\t\t<\/div>\n\t\t\t\t<div class=\"elementor-element elementor-element-61f212a elementor-widget elementor-widget-text-editor\" data-id=\"61f212a\" data-element_type=\"widget\" data-widget_type=\"text-editor.default\">\n\t\t\t\t<div class=\"elementor-widget-container\">\n\t\t\t\t\t\t\t<p>La Comunitat General de Regants del Canal de la Dreta de l\u2019Ebre (CGRCDE), us obre les seves portes perqu\u00e8 ens visiteu i conegueu el vostre entorn, mitjan\u00e7ant el projecte portat a cap pel grup d&#8217;estudis de la CGRCDE &#8220;La gesti\u00f3 i l&#8217;estalvi de l&#8217;aigua. Coneixement del territori&#8221;.<\/p><p>Oferim informaci\u00f3 del Delta de l&#8217;Ebre (marge dreta) geol\u00f2gica, hist\u00f2rica, hidr\u00e0ulica, antropol\u00f2gica, mediambiental i ens adaptem al perfil dels visitants.<\/p><p>L&#8217;explicaci\u00f3 te\u00f2rica es complementa amb una visita guiada per professionals del tema; la visita 1 comen\u00e7a a l&#8217;Assut de Xerta i finalitza a l&#8217;estaci\u00f3 de bombeig de l&#8217;Ala.<\/p><p>Atesa la bona relaci\u00f3 i vinculaci\u00f3 amb el CAT, tamb\u00e9 posem a la vostra disposici\u00f3 la visita 2.<\/p>\t\t\t\t\t\t<\/div>\n\t\t\t\t<\/div>\n\t\t\t\t\t<\/div>\n\t\t<\/div>\n\t\t\t\t\t<\/div>\n\t\t<\/section>\n\t\t\t\t<section class=\"elementor-section elementor-top-section elementor-element elementor-element-65adffb elementor-section-boxed elementor-section-height-default elementor-section-height-default\" data-id=\"65adffb\" data-element_type=\"section\">\n\t\t\t\t\t\t<div class=\"elementor-container elementor-column-gap-default\">\n\t\t\t\t\t<div class=\"elementor-column elementor-col-50 elementor-top-column elementor-element elementor-element-16f0a83 raven-column-flex-vertical\" data-id=\"16f0a83\" data-element_type=\"column\">\n\t\t\t<div class=\"elementor-widget-wrap elementor-element-populated\">\n\t\t\t\t\t\t<div class=\"elementor-element elementor-element-d377ed8 elementor-widget elementor-widget-text-editor\" data-id=\"d377ed8\" data-element_type=\"widget\" data-widget_type=\"text-editor.default\">\n\t\t\t\t<div class=\"elementor-widget-container\">\n\t\t\t\t\t\t\t<h3><u><strong>VISITA<\/strong><strong> 1<\/strong><\/u><\/h3><p><strong><span class=\"hljs-number\">09.15<\/span><\/strong> <span class=\"hljs-selector-tag\">Benvinguda<\/span> <span class=\"hljs-selector-tag\">i<\/span> <span class=\"hljs-selector-tag\">recepci<\/span>\u00f3 <span class=\"hljs-selector-tag\">a<\/span> <span class=\"hljs-selector-tag\">la<\/span> <span class=\"hljs-selector-tag\">Comunitat<\/span> <span class=\"hljs-selector-tag\">de<\/span> <span class=\"hljs-selector-tag\">regants<\/span>.<\/p><p><strong><span class=\"hljs-number\">09.30<\/span> <\/strong><span class=\"hljs-selector-tag\">Sortida<\/span> <span class=\"hljs-selector-tag\">Assut<\/span> <span class=\"hljs-selector-tag\">Xerta.<\/span><\/p><p><strong><span class=\"hljs-number\">10.15<\/span> <\/strong><span class=\"hljs-selector-tag\">Arribada<\/span> <span class=\"hljs-selector-tag\">Assut<\/span> <span class=\"hljs-selector-tag\">Xerta<\/span>, <span class=\"hljs-selector-tag\">esmorzar<\/span>.<\/p><p><strong><span class=\"hljs-number\">10.30<\/span><\/strong> <span class=\"hljs-selector-tag\">Explicacions<\/span> <span class=\"hljs-selector-tag\">del<\/span> <span class=\"hljs-selector-tag\">funcionament<\/span> <span class=\"hljs-selector-tag\">i<\/span> <span class=\"hljs-selector-tag\">distribuci<\/span>\u00f3 <span class=\"hljs-selector-tag\">de<\/span> <span class=\"hljs-selector-tag\">l<\/span>&#8216;<span class=\"hljs-selector-tag\">aigua.<\/span><\/p><p><strong><span class=\"hljs-number\">11<\/span>:<span class=\"hljs-number\">15<\/span><\/strong> <span class=\"hljs-selector-tag\">Sortida<\/span> <span class=\"hljs-selector-tag\">E<\/span><span class=\"hljs-selector-class\">.B<\/span>. <span class=\"hljs-selector-tag\">Campred\u00f3<\/span>.<\/p><p><strong><span class=\"hljs-number\">11.50<\/span> <\/strong><span class=\"hljs-selector-tag\">Arribada<\/span> <span class=\"hljs-selector-tag\">E<\/span><span class=\"hljs-selector-class\">.B<\/span>. <span class=\"hljs-selector-tag\">Campred\u00f3<\/span>.<\/p><p><strong><span class=\"hljs-number\">12.20<\/span> <\/strong><span class=\"hljs-selector-tag\">Fi<\/span> <span class=\"hljs-selector-tag\">de<\/span> <span class=\"hljs-selector-tag\">la<\/span> <span class=\"hljs-selector-tag\">visita<\/span> <span class=\"hljs-selector-tag\">E<\/span><span class=\"hljs-selector-class\">.B<\/span>. <span class=\"hljs-selector-tag\">i<\/span> <span class=\"hljs-selector-tag\">sortida<\/span> <span class=\"hljs-selector-tag\">cap<\/span> a <span class=\"hljs-selector-tag\">Amposta.<\/span><\/p><p><strong><span class=\"hljs-number\">13.00<\/span> <\/strong><span class=\"hljs-selector-tag\">Arribada<\/span> <span class=\"hljs-selector-tag\">Amposta<\/span> <span class=\"hljs-selector-tag\">i<\/span> <span class=\"hljs-selector-tag\">fi<\/span> <span class=\"hljs-selector-tag\">de<\/span> <span class=\"hljs-selector-tag\">la<\/span> <span class=\"hljs-selector-tag\">visita.<\/span><\/p><h3><u><strong>VISITA<\/strong><strong> 2<\/strong><\/u><\/h3><p>Est\u00e0 vinculada al Consorci d\u2019Aig\u00fces de Tarragona (CAT)<\/p><p><strong><span class=\"hljs-number\">09.00<\/span> <\/strong>Benvinguda <span class=\"hljs-selector-tag\">i<\/span> recepci\u00f3 <span class=\"hljs-selector-tag\">a<\/span> la Comunitat de regants.<\/p><p><strong><span class=\"hljs-number\">09.10<\/span><\/strong> Reproducci\u00f3 <span class=\"hljs-selector-tag\">del<\/span> v\u00eddeo <i>L\u2019aigua <span class=\"hljs-selector-tag\">i<\/span> la vida al Delta de l&#8217;Ebre<\/i>.<\/p><p><strong><span class=\"hljs-number\">10.10<\/span><\/strong> Sortida en autob\u00fas cap al CAT.<\/p><p><strong><span class=\"hljs-number\">10.30<\/span> <\/strong>Arribada <span class=\"hljs-selector-tag\">a<\/span> les instal\u00b7lacions de l&#8217;ETAP <span class=\"hljs-selector-tag\">del<\/span> CAT <span class=\"hljs-selector-tag\">a<\/span> l&#8217;Ampolla.<\/p><p><strong><span class=\"hljs-number\">10.35<\/span><\/strong> Entrep\u00e0.<\/p><p><strong><span class=\"hljs-number\">10.45<\/span> <\/strong>Inici visita CAT.<\/p><p><strong><span class=\"hljs-number\">12.30<\/span><\/strong> Fi de la visita <span class=\"hljs-selector-tag\">i<\/span> tornada.<\/p><p><strong><span class=\"hljs-number\">13.00<\/span><\/strong> Arribada bus Amposta.<\/p><p><span class=\"hljs-selector-tag\">\u00a0<\/span><\/p><p><span class=\"hljs-selector-tag\">\u00a0<\/span><\/p>\t\t\t\t\t\t<\/div>\n\t\t\t\t<\/div>\n\t\t\t\t\t<\/div>\n\t\t<\/div>\n\t\t\t\t<div class=\"elementor-column elementor-col-50 elementor-top-column elementor-element elementor-element-3a1d973 raven-column-flex-vertical\" data-id=\"3a1d973\" data-element_type=\"column\">\n\t\t\t<div class=\"elementor-widget-wrap elementor-element-populated\">\n\t\t\t\t\t\t<div class=\"elementor-element elementor-element-87a9dca elementor-widget elementor-widget-shortcode\" data-id=\"87a9dca\" data-element_type=\"widget\" data-widget_type=\"shortcode.default\">\n\t\t\t\t<div class=\"elementor-widget-container\">\n\t\t\t\t\t<div class=\"elementor-shortcode\">\n<div class=\"wpcf7 no-js\" id=\"wpcf7-f5276-o1\" lang=\"ca\" dir=\"ltr\">\n<div class=\"screen-reader-response\"><p role=\"status\" aria-live=\"polite\" aria-atomic=\"true\"><\/p> <ul><\/ul><\/div>\n<form action=\"\/web\/wp-json\/wp\/v2\/pages\/5273#wpcf7-f5276-o1\" method=\"post\" class=\"wpcf7-form init\" aria-label=\"Formulari de contacte\" novalidate=\"novalidate\" data-status=\"init\">\n<div style=\"display: none;\">\n<input type=\"hidden\" name=\"_wpcf7\" value=\"5276\" \/>\n<input type=\"hidden\" name=\"_wpcf7_version\" value=\"5.9.8\" \/>\n<input type=\"hidden\" name=\"_wpcf7_locale\" value=\"ca\" \/>\n<input type=\"hidden\" name=\"_wpcf7_unit_tag\" value=\"wpcf7-f5276-o1\" \/>\n<input type=\"hidden\" name=\"_wpcf7_container_post\" value=\"0\" \/>\n<input type=\"hidden\" name=\"_wpcf7_posted_data_hash\" value=\"\" \/>\n<\/div>\n<p><label> Nom i cognoms<br \/>\n<span class=\"wpcf7-form-control-wrap\" data-name=\"your-name\"><input size=\"40\" maxlength=\"400\" class=\"wpcf7-form-control wpcf7-text wpcf7-validates-as-required\" autocomplete=\"name\" aria-required=\"true\" aria-invalid=\"false\" value=\"\" type=\"text\" name=\"your-name\" \/><\/span> <\/label>\n<\/p>\n<p><label> Entitat\/Centre<br \/>\n<span class=\"wpcf7-form-control-wrap\" data-name=\"text-256\"><input size=\"40\" maxlength=\"400\" class=\"wpcf7-form-control wpcf7-text wpcf7-validates-as-required\" aria-required=\"true\" aria-invalid=\"false\" value=\"\" type=\"text\" name=\"text-256\" \/><\/span><\/label>\n<\/p>\n<p><label> Curs(edat)<br \/>\n<span class=\"wpcf7-form-control-wrap\" data-name=\"persones_edat\"><input class=\"wpcf7-form-control wpcf7-number wpcf7-validates-as-required wpcf7-validates-as-number\" min=\"9\" aria-required=\"true\" aria-invalid=\"false\" value=\"\" type=\"number\" name=\"persones_edat\" \/><\/span> <\/label>\n<\/p>\n<p><label> Correu electr\u00f2nic<br \/>\n<span class=\"wpcf7-form-control-wrap\" data-name=\"email-990\"><input size=\"40\" maxlength=\"400\" class=\"wpcf7-form-control wpcf7-email wpcf7-validates-as-required wpcf7-text wpcf7-validates-as-email\" aria-required=\"true\" aria-invalid=\"false\" value=\"\" type=\"email\" name=\"email-990\" \/><\/span> <\/label>\n<\/p>\n<p><label> Quina visita voleu sol\u00b7licitar?<br \/>\n<span class=\"wpcf7-form-control-wrap\" data-name=\"zona\"><select class=\"wpcf7-form-control wpcf7-select wpcf7-validates-as-required\" aria-required=\"true\" aria-invalid=\"false\" name=\"zona\"><option value=\"\">&#8212;Trieu una opci\u00f3&#8212;<\/option><option value=\"VISITA 1\">VISITA 1<\/option><option value=\"VISITA 2\">VISITA 2<\/option><\/select><\/span><\/label>\n<\/p>\n<p><label> Nombre de persones<br \/>\n<span class=\"wpcf7-form-control-wrap\" data-name=\"persones_nombre\"><input class=\"wpcf7-form-control wpcf7-number wpcf7-validates-as-required wpcf7-validates-as-number\" min=\"8\" max=\"50\" aria-required=\"true\" aria-invalid=\"false\" value=\"\" type=\"number\" name=\"persones_nombre\" \/><\/span><\/label>\n<\/p>\n<p><label> Tel\u00e8fon<br \/>\n<span class=\"wpcf7-form-control-wrap\" data-name=\"tel-694\"><input size=\"40\" maxlength=\"400\" class=\"wpcf7-form-control wpcf7-tel wpcf7-validates-as-required wpcf7-text wpcf7-validates-as-tel\" aria-required=\"true\" aria-invalid=\"false\" value=\"\" type=\"tel\" name=\"tel-694\" \/><\/span><\/label>\n<\/p>\n<p><input class=\"wpcf7-form-control wpcf7-submit has-spinner\" type=\"submit\" value=\"Envia\" \/>\n<\/p><div class=\"wpcf7-response-output\" aria-hidden=\"true\"><\/div>\n<\/form>\n<\/div>\n<\/div>\n\t\t\t\t<\/div>\n\t\t\t\t<\/div>\n\t\t\t\t\t<\/div>\n\t\t<\/div>\n\t\t\t\t\t<\/div>\n\t\t<\/section>\n\t\t\t\t<section class=\"elementor-section elementor-top-section elementor-element elementor-element-6bd5f61 elementor-section-boxed elementor-section-height-default elementor-section-height-default\" data-id=\"6bd5f61\" data-element_type=\"section\">\n\t\t\t\t\t\t<div class=\"elementor-container elementor-column-gap-default\">\n\t\t\t\t\t<div class=\"elementor-column elementor-col-100 elementor-top-column elementor-element elementor-element-55c701c\" data-id=\"55c701c\" data-element_type=\"column\">\n\t\t\t<div class=\"elementor-widget-wrap\">\n\t\t\t\t\t\t\t<\/div>\n\t\t<\/div>\n\t\t\t\t\t<\/div>\n\t\t<\/section>\n\t\t\t\t<\/div>\n\t\t","protected":false},"excerpt":{"rendered":"<p>Visita&#8217;ns La Comunitat General de Regants del Canal de la Dreta de l\u2019Ebre (CGRCDE), us obre les seves portes perqu\u00e8 ens visiteu i conegueu el vostre entorn, mitjan\u00e7ant el projecte portat a cap pel grup d&#8217;estudis de la CGRCDE &#8220;La gesti\u00f3 i l&#8217;estalvi de l&#8217;aigua. Coneixement del territori&#8221;. Oferim informaci\u00f3 del Delta de l&#8217;Ebre (marge [&hellip;]<\/p>\n","protected":false},"author":1,"featured_media":0,"parent":0,"menu_order":0,"comment_status":"closed","ping_status":"closed","template":"full-width.php","meta":{"_acf_changed":false,"footnotes":""},"class_list":["post-5273","page","type-page","status-publish","hentry"],"acf":[],"_links":{"self":[{"href":"https:\/\/comunitatregants.org\/web\/wp-json\/wp\/v2\/pages\/5273","targetHints":{"allow":["GET"]}}],"collection":[{"href":"https:\/\/comunitatregants.org\/web\/wp-json\/wp\/v2\/pages"}],"about":[{"href":"https:\/\/comunitatregants.org\/web\/wp-json\/wp\/v2\/types\/page"}],"author":[{"embeddable":true,"href":"https:\/\/comunitatregants.org\/web\/wp-json\/wp\/v2\/users\/1"}],"replies":[{"embeddable":true,"href":"https:\/\/comunitatregants.org\/web\/wp-json\/wp\/v2\/comments?post=5273"}],"version-history":[{"count":0,"href":"https:\/\/comunitatregants.org\/web\/wp-json\/wp\/v2\/pages\/5273\/revisions"}],"wp:attachment":[{"href":"https:\/\/comunitatregants.org\/web\/wp-json\/wp\/v2\/media?parent=5273"}],"curies":[{"name":"wp","href":"https:\/\/api.w.org\/{rel}","templated":true}]}}